{"id":1741,"date":"2017-06-04T21:46:31","date_gmt":"2017-06-05T00:46:31","guid":{"rendered":"http:\/\/www.pluton.com.br\/?page_id=1741"},"modified":"2017-06-04T21:46:31","modified_gmt":"2017-06-05T00:46:31","slug":"omt-2","status":"publish","type":"page","link":"https:\/\/pluton.com.br\/?page_id=1741","title":{"rendered":"OMT"},"content":{"rendered":"<p>&nbsp;<\/p>\n<h4 id=\"tw-target-text\" class=\"tw-data-text tw-ta tw-text-small\" dir=\"ltr\" data-placeholder=\"Tradu\u00e7\u00e3o\"><span lang=\"pt\">Os OMT s\u00e3o usados \u200b\u200bpara combinar ou separar simultaneamente dois sinais ortogonais de polaridade linear. A sa\u00edda t\u00edpica (ou a porta de entrada) \u00e9 uma guia de onda circular, que pode suportar polariza\u00e7\u00f5es lineares ou polariza\u00e7\u00e3o circular (esquerda e direita), e geralmente \u00e9 conectada ao alimentador da antena. O isolamento superior a 25 dB entre as duas polariza\u00e7\u00f5es lineares \u00e9 obtido em uma parcela significativa da banda guia de ondas. O OMT possui portas de polariza\u00e7\u00e3o linear com sa\u00edda em guia de onda retangular, pois incorpora uma transi\u00e7\u00e3o incorporada para guia de onda circular.<\/span><\/h4>\n<p>&nbsp;<\/p>\n","protected":false},"excerpt":{"rendered":"<p>&nbsp; Os OMT s\u00e3o usados \u200b\u200bpara combinar ou separar simultaneamente dois sinais ortogonais de polaridade linear. A sa\u00edda t\u00edpica (ou a porta de entrada) \u00e9 uma guia de onda circular, que pode suportar polariza\u00e7\u00f5es lineares ou polariza\u00e7\u00e3o circular (esquerda e direita), e geralmente \u00e9 conectada ao alimentador da antena. O isolamento superior a 25 dB [&hellip;]<\/p>\n","protected":false},"author":1,"featured_media":0,"parent":118,"menu_order":0,"comment_status":"closed","ping_status":"closed","template":"","meta":{"footnotes":""},"class_list":["post-1741","page","type-page","status-publish","hentry"],"_links":{"self":[{"href":"https:\/\/pluton.com.br\/index.php?rest_route=\/wp\/v2\/pages\/1741","targetHints":{"allow":["GET"]}}],"collection":[{"href":"https:\/\/pluton.com.br\/index.php?rest_route=\/wp\/v2\/pages"}],"about":[{"href":"https:\/\/pluton.com.br\/index.php?rest_route=\/wp\/v2\/types\/page"}],"author":[{"embeddable":true,"href":"https:\/\/pluton.com.br\/index.php?rest_route=\/wp\/v2\/users\/1"}],"replies":[{"embeddable":true,"href":"https:\/\/pluton.com.br\/index.php?rest_route=%2Fwp%2Fv2%2Fcomments&post=1741"}],"version-history":[{"count":0,"href":"https:\/\/pluton.com.br\/index.php?rest_route=\/wp\/v2\/pages\/1741\/revisions"}],"up":[{"embeddable":true,"href":"https:\/\/pluton.com.br\/index.php?rest_route=\/wp\/v2\/pages\/118"}],"wp:attachment":[{"href":"https:\/\/pluton.com.br\/index.php?rest_route=%2Fwp%2Fv2%2Fmedia&parent=1741"}],"curies":[{"name":"wp","href":"https:\/\/api.w.org\/{rel}","templated":true}]}}