{"id":1673,"date":"2017-05-30T19:27:58","date_gmt":"2017-05-30T22:27:58","guid":{"rendered":"http:\/\/www.pluton.com.br\/?page_id=1673"},"modified":"2017-05-30T19:27:58","modified_gmt":"2017-05-30T22:27:58","slug":"radio-siae","status":"publish","type":"page","link":"https:\/\/pluton.com.br\/?page_id=1673","title":{"rendered":"Padr\u00e3o ODU  Siae"},"content":{"rendered":"<p><span style=\"font-size: 14pt;\"><strong>Adaptador para ODU Siae 11GHz<\/strong><\/span><\/p>\n<p>Com este adaptador voc\u00ea pode conectar a ODU Siae ASN11 diretamente em qualquer antena Pluton. Tamb\u00e9m podemos fornecer o mesmo padr\u00e3o de adaptador para qualquer marca\/fabricante de antenas.<\/p>\n<p>&nbsp;<\/p>\n<p><img loading=\"lazy\" decoding=\"async\" class=\"aligncenter  wp-image-1901\" src=\"http:\/\/www.pluton.com.br\/wp-content\/uploads\/2017\/05\/100_3020.jpg\" alt=\"\" width=\"750\" height=\"528\" \/><\/p>\n<p>&nbsp;<\/p>\n<p><img loading=\"lazy\" decoding=\"async\" class=\"aligncenter  wp-image-1902\" src=\"http:\/\/www.pluton.com.br\/wp-content\/uploads\/2017\/05\/100_3021.jpg\" alt=\"\" width=\"749\" height=\"633\" \/><\/p>\n<p>&nbsp;<\/p>\n<p><img loading=\"lazy\" decoding=\"async\" class=\"aligncenter  wp-image-1903\" src=\"http:\/\/www.pluton.com.br\/wp-content\/uploads\/2017\/05\/100_3013.jpg\" alt=\"\" width=\"737\" height=\"819\" \/><\/p>\n<p>&nbsp;<\/p>\n<p><a href=\"http:\/\/www.pluton.com.br\/index.php\/orcamentos\/\">Solicite um or\u00e7amento<\/a> de acordo com sua necessidade.<\/p>\n","protected":false},"excerpt":{"rendered":"<p>Adaptador para ODU Siae 11GHz Com este adaptador voc\u00ea pode conectar a ODU Siae ASN11 diretamente em qualquer antena Pluton. Tamb\u00e9m podemos fornecer o mesmo padr\u00e3o de adaptador para qualquer marca\/fabricante de antenas. &nbsp; &nbsp; &nbsp; &nbsp; Solicite um or\u00e7amento de acordo com sua necessidade.<\/p>\n","protected":false},"author":1,"featured_media":0,"parent":1387,"menu_order":300,"comment_status":"closed","ping_status":"closed","template":"","meta":{"footnotes":""},"class_list":["post-1673","page","type-page","status-publish","hentry"],"_links":{"self":[{"href":"https:\/\/pluton.com.br\/index.php?rest_route=\/wp\/v2\/pages\/1673","targetHints":{"allow":["GET"]}}],"collection":[{"href":"https:\/\/pluton.com.br\/index.php?rest_route=\/wp\/v2\/pages"}],"about":[{"href":"https:\/\/pluton.com.br\/index.php?rest_route=\/wp\/v2\/types\/page"}],"author":[{"embeddable":true,"href":"https:\/\/pluton.com.br\/index.php?rest_route=\/wp\/v2\/users\/1"}],"replies":[{"embeddable":true,"href":"https:\/\/pluton.com.br\/index.php?rest_route=%2Fwp%2Fv2%2Fcomments&post=1673"}],"version-history":[{"count":0,"href":"https:\/\/pluton.com.br\/index.php?rest_route=\/wp\/v2\/pages\/1673\/revisions"}],"up":[{"embeddable":true,"href":"https:\/\/pluton.com.br\/index.php?rest_route=\/wp\/v2\/pages\/1387"}],"wp:attachment":[{"href":"https:\/\/pluton.com.br\/index.php?rest_route=%2Fwp%2Fv2%2Fmedia&parent=1673"}],"curies":[{"name":"wp","href":"https:\/\/api.w.org\/{rel}","templated":true}]}}