{"id":15,"date":"2017-05-21T17:02:23","date_gmt":"2017-05-21T20:02:23","guid":{"rendered":"http:\/\/www-teste.pluton.com.br\/?page_id=15"},"modified":"2022-04-18T19:51:41","modified_gmt":"2022-04-18T19:51:41","slug":"orcamentos","status":"publish","type":"page","link":"https:\/\/pluton.com.br\/?page_id=15","title":{"rendered":"Or\u00e7amentos"},"content":{"rendered":"<h4>Para obter um or\u00e7amento\u00a0 pode preencher o formul\u00e1rio abaixo:<\/h4>\n\n<div class=\"wpcf7 no-js\" id=\"wpcf7-f2245-o1\" lang=\"pt-BR\" dir=\"ltr\" data-wpcf7-id=\"2245\">\n<div class=\"screen-reader-response\"><p role=\"status\" aria-live=\"polite\" aria-atomic=\"true\"><\/p> <ul><\/ul><\/div>\n<form action=\"\/index.php?rest_route=%2Fwp%2Fv2%2Fpages%2F15#wpcf7-f2245-o1\" method=\"post\" class=\"wpcf7-form init\" aria-label=\"Formul\u00e1rios de contato\" novalidate=\"novalidate\" data-status=\"init\">\n<fieldset class=\"hidden-fields-container\"><input type=\"hidden\" name=\"_wpcf7\" value=\"2245\" \/><input type=\"hidden\" name=\"_wpcf7_version\" value=\"6.1.5\" \/><input type=\"hidden\" name=\"_wpcf7_locale\" value=\"pt_BR\" \/><input type=\"hidden\" name=\"_wpcf7_unit_tag\" value=\"wpcf7-f2245-o1\" \/><input type=\"hidden\" name=\"_wpcf7_container_post\" value=\"0\" \/><input type=\"hidden\" name=\"_wpcf7_posted_data_hash\" value=\"\" \/>\n<\/fieldset>\n<p><label> Seu nome (obrigat\u00f3rio)<br \/>\n<span class=\"wpcf7-form-control-wrap\" data-name=\"your-name\"><input size=\"40\" maxlength=\"400\" class=\"wpcf7-form-control wpcf7-text wpcf7-validates-as-required\" aria-required=\"true\" aria-invalid=\"false\" value=\"\" type=\"text\" name=\"your-name\" \/><\/span> <\/label>\n<\/p>\n<p><label> Seu e-mail (obrigat\u00f3rio)<br \/>\n<span class=\"wpcf7-form-control-wrap\" data-name=\"your-email\"><input size=\"40\" maxlength=\"400\" class=\"wpcf7-form-control wpcf7-email wpcf7-validates-as-required wpcf7-text wpcf7-validates-as-email\" aria-required=\"true\" aria-invalid=\"false\" value=\"\" type=\"email\" name=\"your-email\" \/><\/span> <\/label>\n<\/p>\n<p><label> Celular (obrigat\u00f3rio)<br \/>\n<span class=\"wpcf7-form-control-wrap\" data-name=\"telefone\"><input size=\"40\" maxlength=\"400\" class=\"wpcf7-form-control wpcf7-tel wpcf7-text wpcf7-validates-as-tel\" aria-invalid=\"false\" value=\"\" type=\"tel\" name=\"telefone\" \/><\/span><\/label>\n<\/p>\n<p><label> Sua mensagem<br \/>\n<span class=\"wpcf7-form-control-wrap\" data-name=\"your-message\"><textarea cols=\"40\" rows=\"10\" maxlength=\"2000\" class=\"wpcf7-form-control wpcf7-textarea\" aria-invalid=\"false\" name=\"your-message\"><\/textarea><\/span> <\/label>\n<\/p>\n<p><input class=\"wpcf7-form-control wpcf7-submit has-spinner\" type=\"submit\" value=\"Enviar\" \/>\n<\/p><div class=\"wpcf7-response-output\" aria-hidden=\"true\"><\/div>\n<\/form>\n<\/div>\n\n<p><img decoding=\"async\" class=\"rg_ic rg_i\" src=\"https:\/\/encrypted-tbn0.gstatic.com\/images?q=tbn:ANd9GcQYjJZUbrA339NP9HTRHh5iEFUyuD0NQTaI-gchntmwZmr6KXC2GA\" alt=\"Resultado de imagem para logo cart\u00e3o bndes\" name=\"2TdbVsJ9eZo4hM:\" data-src=\"https:\/\/encrypted-tbn0.gstatic.com\/images?q=tbn:ANd9GcQYjJZUbrA339NP9HTRHh5iEFUyuD0NQTaI-gchntmwZmr6KXC2GA\" data-sz=\"f\" \/><\/p>\n<p>Tamb\u00e9m aceitamos todos os cart\u00f5es de cr\u00e9dito pelo PagSeguro<\/p>\n<p><img decoding=\"async\" class=\"rg_ic rg_i\" src=\"https:\/\/encrypted-tbn0.gstatic.com\/images?q=tbn:ANd9GcRFWRQeK2zFm1SEZKGUX9UsSwtdLWhdecbWx5Pv_dgsInf49Jw\" alt=\"Resultado de imagem para todos os cart\u00f5es de cr\u00e9dito pagseguro\" name=\"4ahLPK8wJuoiTM:\" data-src=\"https:\/\/encrypted-tbn0.gstatic.com\/images?q=tbn:ANd9GcRFWRQeK2zFm1SEZKGUX9UsSwtdLWhdecbWx5Pv_dgsInf49Jw\" data-sz=\"f\" \/><\/p>\n<p>Tamb\u00e9m aceitamos Paypal<\/p>\n<p>Taxas extras poder\u00e3o ser aplicadas em cada tipo de pagamento.<\/p>\n<div class=\"code-block\"><\/div>\n","protected":false},"excerpt":{"rendered":"<p>Para obter um or\u00e7amento\u00a0 pode preencher o formul\u00e1rio abaixo: Tamb\u00e9m aceitamos todos os cart\u00f5es de cr\u00e9dito pelo PagSeguro Tamb\u00e9m aceitamos Paypal Taxas extras poder\u00e3o ser aplicadas em cada tipo de pagamento.<\/p>\n","protected":false},"author":1,"featured_media":0,"parent":0,"menu_order":8,"comment_status":"closed","ping_status":"closed","template":"","meta":{"footnotes":""},"class_list":["post-15","page","type-page","status-publish","hentry"],"_links":{"self":[{"href":"https:\/\/pluton.com.br\/index.php?rest_route=\/wp\/v2\/pages\/15","targetHints":{"allow":["GET"]}}],"collection":[{"href":"https:\/\/pluton.com.br\/index.php?rest_route=\/wp\/v2\/pages"}],"about":[{"href":"https:\/\/pluton.com.br\/index.php?rest_route=\/wp\/v2\/types\/page"}],"author":[{"embeddable":true,"href":"https:\/\/pluton.com.br\/index.php?rest_route=\/wp\/v2\/users\/1"}],"replies":[{"embeddable":true,"href":"https:\/\/pluton.com.br\/index.php?rest_route=%2Fwp%2Fv2%2Fcomments&post=15"}],"version-history":[{"count":3,"href":"https:\/\/pluton.com.br\/index.php?rest_route=\/wp\/v2\/pages\/15\/revisions"}],"predecessor-version":[{"id":5230,"href":"https:\/\/pluton.com.br\/index.php?rest_route=\/wp\/v2\/pages\/15\/revisions\/5230"}],"wp:attachment":[{"href":"https:\/\/pluton.com.br\/index.php?rest_route=%2Fwp%2Fv2%2Fmedia&parent=15"}],"curies":[{"name":"wp","href":"https:\/\/api.w.org\/{rel}","templated":true}]}}