{"id":1387,"date":"2017-05-23T19:52:43","date_gmt":"2017-05-23T22:52:43","guid":{"rendered":"http:\/\/www.pluton.com.br\/?page_id=1387"},"modified":"2017-05-23T19:52:43","modified_gmt":"2017-05-23T22:52:43","slug":"adaptador","status":"publish","type":"page","link":"https:\/\/pluton.com.br\/?page_id=1387","title":{"rendered":"Adaptador"},"content":{"rendered":"<p>Aqui voc\u00ea encontra todos os adaptadores dispon\u00edveis para a antenas na vers\u00e3o 11GHz<\/p>\n","protected":false},"excerpt":{"rendered":"<p>Aqui voc\u00ea encontra todos os adaptadores dispon\u00edveis para a antenas na vers\u00e3o 11GHz<\/p>\n","protected":false},"author":1,"featured_media":0,"parent":118,"menu_order":50,"comment_status":"closed","ping_status":"closed","template":"","meta":{"footnotes":""},"class_list":["post-1387","page","type-page","status-publish","hentry"],"_links":{"self":[{"href":"https:\/\/pluton.com.br\/index.php?rest_route=\/wp\/v2\/pages\/1387","targetHints":{"allow":["GET"]}}],"collection":[{"href":"https:\/\/pluton.com.br\/index.php?rest_route=\/wp\/v2\/pages"}],"about":[{"href":"https:\/\/pluton.com.br\/index.php?rest_route=\/wp\/v2\/types\/page"}],"author":[{"embeddable":true,"href":"https:\/\/pluton.com.br\/index.php?rest_route=\/wp\/v2\/users\/1"}],"replies":[{"embeddable":true,"href":"https:\/\/pluton.com.br\/index.php?rest_route=%2Fwp%2Fv2%2Fcomments&post=1387"}],"version-history":[{"count":0,"href":"https:\/\/pluton.com.br\/index.php?rest_route=\/wp\/v2\/pages\/1387\/revisions"}],"up":[{"embeddable":true,"href":"https:\/\/pluton.com.br\/index.php?rest_route=\/wp\/v2\/pages\/118"}],"wp:attachment":[{"href":"https:\/\/pluton.com.br\/index.php?rest_route=%2Fwp%2Fv2%2Fmedia&parent=1387"}],"curies":[{"name":"wp","href":"https:\/\/api.w.org\/{rel}","templated":true}]}}