{"id":36,"date":"2017-05-21T17:19:11","date_gmt":"2017-05-21T20:19:11","guid":{"rendered":"http:\/\/www-teste.pluton.com.br\/?page_id=36"},"modified":"2020-11-03T11:47:20","modified_gmt":"2020-11-03T11:47:20","slug":"direcionais","status":"publish","type":"page","link":"http:\/\/pluton.com.br\/?page_id=36","title":{"rendered":"Setorial"},"content":{"rendered":"<p>Antena Setorial PTX16-24<\/p>\n<p>Ainda temos algumas unidades para fabrica\u00e7\u00e3o com descontos, produto descontinuado, consulte 19 9 97297763.<\/p>\n<p>Dispon\u00edvel em 3 modelos A, B e C<\/p>\n<p>Modelo A &#8211; ganho de 12dBi &#8211; Abertura Horizontal 60 graus &#8211; vertical 20 graus<\/p>\n<p>Modelo B &#8211; ganho de 15dBi &#8211; Abertura Horizontal 60 graus &#8211; vertical 10 graus<\/p>\n<p>Modelo C &#8211; ganho de 18dBi &#8211; Abertura Horizontal 60 graus &#8211; vertical 5 graus<\/p>\n","protected":false},"excerpt":{"rendered":"<p>Antena Setorial PTX16-24 Ainda temos algumas unidades para fabrica\u00e7\u00e3o com descontos, produto descontinuado, consulte 19 9 97297763. Dispon\u00edvel em 3 modelos A, B e C Modelo A &#8211; ganho de 12dBi &#8211; Abertura Horizontal 60 graus &#8211; vertical 20 graus Modelo B &#8211; ganho de 15dBi &#8211; Abertura Horizontal 60 graus &#8211; vertical 10 graus [&hellip;]<\/p>\n","protected":false},"author":1,"featured_media":0,"parent":30,"menu_order":0,"comment_status":"closed","ping_status":"closed","template":"","meta":{"footnotes":""},"class_list":["post-36","page","type-page","status-publish","hentry"],"_links":{"self":[{"href":"http:\/\/pluton.com.br\/index.php?rest_route=\/wp\/v2\/pages\/36","targetHints":{"allow":["GET"]}}],"collection":[{"href":"http:\/\/pluton.com.br\/index.php?rest_route=\/wp\/v2\/pages"}],"about":[{"href":"http:\/\/pluton.com.br\/index.php?rest_route=\/wp\/v2\/types\/page"}],"author":[{"embeddable":true,"href":"http:\/\/pluton.com.br\/index.php?rest_route=\/wp\/v2\/users\/1"}],"replies":[{"embeddable":true,"href":"http:\/\/pluton.com.br\/index.php?rest_route=%2Fwp%2Fv2%2Fcomments&post=36"}],"version-history":[{"count":1,"href":"http:\/\/pluton.com.br\/index.php?rest_route=\/wp\/v2\/pages\/36\/revisions"}],"predecessor-version":[{"id":5146,"href":"http:\/\/pluton.com.br\/index.php?rest_route=\/wp\/v2\/pages\/36\/revisions\/5146"}],"up":[{"embeddable":true,"href":"http:\/\/pluton.com.br\/index.php?rest_route=\/wp\/v2\/pages\/30"}],"wp:attachment":[{"href":"http:\/\/pluton.com.br\/index.php?rest_route=%2Fwp%2Fv2%2Fmedia&parent=36"}],"curies":[{"name":"wp","href":"https:\/\/api.w.org\/{rel}","templated":true}]}}