{"id":163,"date":"2017-05-21T23:56:43","date_gmt":"2017-05-22T02:56:43","guid":{"rendered":"http:\/\/www-teste.pluton.com.br\/?page_id=163"},"modified":"2017-05-21T23:56:43","modified_gmt":"2017-05-22T02:56:43","slug":"splitercoupler","status":"publish","type":"page","link":"http:\/\/pluton.com.br\/?page_id=163","title":{"rendered":"Spliter\/Coupler"},"content":{"rendered":"<p>Pluton Splitter\/Hibrida WG15 8.5GHz<\/p>\n<p>Adaptador possui uma porta principal e duas sa\u00eddas.<\/p>\n<p>Na imagem as fura\u00e7\u00f5es das portas de sa\u00edda est\u00e3o no padr\u00e3o flange quadrada, mas pode ser solicitada<\/p>\n<p>a fura\u00e7\u00e3o para flange retangular.<\/p>\n<p><img loading=\"lazy\" decoding=\"async\" class=\"alignnone size-full wp-image-1217\" src=\"http:\/\/www-teste.pluton.com.br\/wp-content\/uploads\/2017\/05\/im6-10.jpg\" alt=\"\" width=\"2230\" height=\"1254\" \/><\/p>\n<p>As Hibridas podem ser conectadas diretamente na OMT pluton, usando um adaptador espec\u00edfico.<\/p>\n<p><img loading=\"lazy\" decoding=\"async\" class=\"alignnone size-full wp-image-1214\" src=\"http:\/\/www-teste.pluton.com.br\/wp-content\/uploads\/2017\/05\/IM1-3.jpg\" alt=\"\" width=\"2230\" height=\"1254\" \/><\/p>\n<p>&nbsp;<\/p>\n<p><img loading=\"lazy\" decoding=\"async\" class=\"alignnone size-full wp-image-1410\" src=\"http:\/\/www.pluton.com.br\/wp-content\/uploads\/2017\/05\/IM5.jpg\" alt=\"\" width=\"2230\" height=\"1254\" \/><\/p>\n<p>&nbsp;<\/p>\n","protected":false},"excerpt":{"rendered":"<p>Pluton Splitter\/Hibrida WG15 8.5GHz Adaptador possui uma porta principal e duas sa\u00eddas. Na imagem as fura\u00e7\u00f5es das portas de sa\u00edda est\u00e3o no padr\u00e3o flange quadrada, mas pode ser solicitada a fura\u00e7\u00e3o para flange retangular. As Hibridas podem ser conectadas diretamente na OMT pluton, usando um adaptador espec\u00edfico. &nbsp; &nbsp;<\/p>\n","protected":false},"author":1,"featured_media":0,"parent":116,"menu_order":14,"comment_status":"closed","ping_status":"closed","template":"","meta":{"footnotes":""},"class_list":["post-163","page","type-page","status-publish","hentry"],"_links":{"self":[{"href":"http:\/\/pluton.com.br\/index.php?rest_route=\/wp\/v2\/pages\/163","targetHints":{"allow":["GET"]}}],"collection":[{"href":"http:\/\/pluton.com.br\/index.php?rest_route=\/wp\/v2\/pages"}],"about":[{"href":"http:\/\/pluton.com.br\/index.php?rest_route=\/wp\/v2\/types\/page"}],"author":[{"embeddable":true,"href":"http:\/\/pluton.com.br\/index.php?rest_route=\/wp\/v2\/users\/1"}],"replies":[{"embeddable":true,"href":"http:\/\/pluton.com.br\/index.php?rest_route=%2Fwp%2Fv2%2Fcomments&post=163"}],"version-history":[{"count":0,"href":"http:\/\/pluton.com.br\/index.php?rest_route=\/wp\/v2\/pages\/163\/revisions"}],"up":[{"embeddable":true,"href":"http:\/\/pluton.com.br\/index.php?rest_route=\/wp\/v2\/pages\/116"}],"wp:attachment":[{"href":"http:\/\/pluton.com.br\/index.php?rest_route=%2Fwp%2Fv2%2Fmedia&parent=163"}],"curies":[{"name":"wp","href":"https:\/\/api.w.org\/{rel}","templated":true}]}}