{"id":155,"date":"2017-05-21T23:53:35","date_gmt":"2017-05-22T02:53:35","guid":{"rendered":"http:\/\/www-teste.pluton.com.br\/?page_id=155"},"modified":"2020-11-03T12:10:29","modified_gmt":"2020-11-03T12:10:29","slug":"antena-direcional","status":"publish","type":"page","link":"http:\/\/pluton.com.br\/?page_id=155","title":{"rendered":"Antena Direcional"},"content":{"rendered":"\n<p>Ainda restam algumas unidades para fabrica\u00e7\u00e3o com descontos para finaliza\u00e7\u00e3o total do estoque, produto descontinuado, consulte.<\/p>\n","protected":false},"excerpt":{"rendered":"<p>Ainda restam algumas unidades para fabrica\u00e7\u00e3o com descontos para finaliza\u00e7\u00e3o total do estoque, produto descontinuado, consulte.<\/p>\n","protected":false},"author":1,"featured_media":0,"parent":116,"menu_order":10,"comment_status":"closed","ping_status":"closed","template":"","meta":{"footnotes":""},"class_list":["post-155","page","type-page","status-publish","hentry"],"_links":{"self":[{"href":"http:\/\/pluton.com.br\/index.php?rest_route=\/wp\/v2\/pages\/155","targetHints":{"allow":["GET"]}}],"collection":[{"href":"http:\/\/pluton.com.br\/index.php?rest_route=\/wp\/v2\/pages"}],"about":[{"href":"http:\/\/pluton.com.br\/index.php?rest_route=\/wp\/v2\/types\/page"}],"author":[{"embeddable":true,"href":"http:\/\/pluton.com.br\/index.php?rest_route=\/wp\/v2\/users\/1"}],"replies":[{"embeddable":true,"href":"http:\/\/pluton.com.br\/index.php?rest_route=%2Fwp%2Fv2%2Fcomments&post=155"}],"version-history":[{"count":2,"href":"http:\/\/pluton.com.br\/index.php?rest_route=\/wp\/v2\/pages\/155\/revisions"}],"predecessor-version":[{"id":5149,"href":"http:\/\/pluton.com.br\/index.php?rest_route=\/wp\/v2\/pages\/155\/revisions\/5149"}],"up":[{"embeddable":true,"href":"http:\/\/pluton.com.br\/index.php?rest_route=\/wp\/v2\/pages\/116"}],"wp:attachment":[{"href":"http:\/\/pluton.com.br\/index.php?rest_route=%2Fwp%2Fv2%2Fmedia&parent=155"}],"curies":[{"name":"wp","href":"https:\/\/api.w.org\/{rel}","templated":true}]}}